4
-30
75 (base 11) to base 10
82
0 (base 12) to base 16
0
-1 (base 6) to base 7
-1
Convert 4 (base 5) to base 15.
4
What is -43 (base 10) in base 12?
-37
0 (base 11) to base 7
0
9 (base 15) to base 6
13
Convert -32 (base 5) to base 7.
-23
Convert -10 (base 12) to base 13.
-c
Convert -2c (base 15) to base 9.
-46
-125 (base 8) to base 15
-5a
What is -4 (base 10) in base 12?
-4
Convert 303 (base 4) to base 14.
39
1 (base 10) to base 4
1
37 (base 10) to base 15
27
Convert 8 (base 16) to base 5.
13
Convert 10001 (base 2) to base 15.
12
Convert -6 (base 9) to base 4.
-12
Convert -6 (base 13) to base 5.
-11
What is 3d (base 14) in base 12?
47
Convert -2 (base 12) to base 13.
-2
-30 (base 11) to base 4
-201
Convert 99 (base 11) to base 13.
84
What is -70 (base 14) in base 7?
-200
-3 (base 12) to base 13
-3
What is -4 (base 9) in base 4?
-10
-114 (base 13) to base 12
-136
What is -44 (base 5) in base 12?
-20
20 (base 5) to base 9
11
Convert 61 (base 10) to base 15.
41
3 (base 14) to base 12
3
0 (base 7) to base 3
0
What is 4 (base 5) in base 16?
4
What is -2 (base 3) in base 8?
-2
10 (base 3) to base 12
3
What is -3 (base 15) in base 10?
-3
Convert -11 (base 12) to base 4.
-31
What is -11 (base 9) in base 2?
-1010
111 (base 2) to base 5
12
1 (base 4) to base 7
1
What is 5 (base 8) in base 13?
5
What is -5d (base 14) in base 3?
-10002
What is 3 (base 15) in base 10?
3
53 (base 12) to base 16
3f
What is -100011001 (base 2) in base 11?
-236
-11 (base 5) to base 12
-6
What is -1 (base 7) in base 15?
-1
Convert 3b (base 13) to base 11.
46
Convert -2 (base 11) to base 14.
-2
What is 3 (base 6) in base 14?
3
-31 (base 6) to base 9
-21
Convert -1 (base 11) to base 16.
-1
Convert b (base 16) to base 3.
102
3 (base 11) to base 16
3
1001 (base 2) to base 14
9
What is -11011 (base 2) in base 14?
-1d
-7 (base 14) to base 16
-7
Convert -79 (base 14) to base 12.
-8b
Convert 1211 (base 3) to base 7.
100
Convert -443 (base 6) to base 4.
-2223
Convert -122 (base 6) to base 14.
-38
Convert -1322 (base 4) to base 9.
-145
Convert -1 (base 13) to base 5.
-1
Convert -5 (base 11) to base 6.
-5
What is -33 (base 14) in base 15?
-30
What is -2c (base 15) in base 5?
-132
Convert 12 (base 14) to base 10.
16
What is 0 (base 7) in base 4?
0
What is -75 (base 8) in base 6?
-141
Convert 4 (base 8) to base 12.
4
1 (base 7) to base 11
1
-545 (base 7) to base 15
-138
What is -14 (base 7) in base 3?
-102
3 (base 14) to base 7
3
Convert -1000101 (base 2) to base 12.
-59
What is -17 (base 12) in base 7?
-25
Convert 7 (base 12) to base 5.
12
2011 (base 4) to base 16
85
What is -5 (base 11) in base 13?
-5
What is 10000000 (base 2) in base 10?
128
Convert 4 (base 10) to base 8.
4
1001111 (base 2) to base 5
304
-7 (base 12) to base 7
-10
What is 76 (base 13) in base 15?
67
Convert -a (base 14) to base 13.
-a
Convert -63 (base 15) to base 13.
-72
What is -35 (base 16) in base 7?
-104
-2 (base 13) to base 11
-2
What is -6 (base 15) in base 9?
-6
2 (base 4) to base 12
2
What is -9 (base 12) in base 8?
-11
What is 7 (base 13) in base 3?
21
-50 (base 7) to base 16
-23
-22 (base 3) to base 11
-8
-13 (base 7) to base 9
-11
What is -30 (base 5) in base 4?
-33
Convert -7 (base 9) to base 5.
-12
Convert 3 (base 14) to base 9.
3
-71 (base 13) to base 3
-10102
Convert 5 (base 7) to base 3.
12
Convert 0 (base 16) to base 8.
0
What is -1 (base 3) in base 7?
-1
Convert 1 (base 8) to base 5.
1
What is -1 (base 5) in base 15?
-1
Convert 0 (base 16) to base 6.
0
What is 1110111 (base 2) in base 12?
9b
14 (base 5) to base 13
9
Convert 5 (base 14) to base 10.
5
What is 5 (base 15) in base 5?
10
Convert 1 (base 15) to base 9.
1
What is 3 (base 9) in base 3?
10
What is 4 (base 14) in base 12?
4
Convert -3 (base 4) to base 3.
-10
-30 (base 7) to base 4
-111
What is 3 (base 12) in base 2?
11
7 (base 15) to base 2
111
Convert -4 (base 13) to base 15.
-4
2 (base 8) to base 11
2
What is 12 (base 6) in base 15?
8
-116 (base 10) to base 7
-224
What is -59 (base 10) in base 5?
-214
121 (base 4) to base 6
41
Convert 1111001 (base 2) to base 9.
144
What is -18 (base 12) in base 13?
-17
-11 (base 3) to base 8
-4
What is -24 (base 6) in base 8?
-20
What is 101 (base 4) in base 12?
15
What is 5 (base 10) in base 3?
12
Convert 2 (base 8) to base 12.
2
1 (base 16) to base 8
1
What is -3 (base 12) in base 3?
-10
312 (base 6) to base 15
7b
Convert 17 (base 16) to base 6.
35
-4 (base 5) to base 3
-11
110 (base 4) to base 14
16
Convert -22 (base 6) to base 14.
-10
-161 (base 13) to base 9
-305
What is -8d (base 14) in base 5?
-1000
Convert 0 (base 12) to base 5.
0
-4 (base 12) to base 15
-4
What is -7 (base 12) in base 11?
-7
What is -96 (base 14) in base 5?
-1012
Convert 9 (base 14) to base 15.
9
-3 (base 13) to base 6
-3
Convert -1324 (base 5) to base 13.
-136
Convert 19 (base 15) to base 6.
40
What is -1 (base 12) in base 8?
-1
Convert 1 (base 10) to base 9.
1
-5 (base 12) to base 7
-5
Convert 0 (base 13) to base 11.
0
What is a (base 14) in base 11?
a
What is -361 (base 7) in base 2?
-10111110
Convert -21 (base 4) to base 10.
-9
-4 (base 9) to base 15
-4
Convert -301 (base 4) to base 10.
-49
2 (base 7) to base 13
2
What is 1b (base 13) in base 4?
120
What is 77 (base 9) in base 6?
154
-3 (base 15) to base 5
-3
Convert 81 (base 14) to base 16.
71
Convert 23 (base 8) to base 13.
16
What is -10 (base 3) in base 14?
-3
What is 74 (base 11) in base 4?
1101
What is 10 (base 10) in base 2?
1010
What is -26 (base 11) in base 8?
-34
What is 30 (base 5) in base 10?
15
-16 (base 8) to base 6
-22
What is -d (base 14) in base 11?
-12
Convert 0 (base 14) to base 6.
0
-8 (base 12) to base 4
-20
What is -3 (base 6) in base 15?
-3
-a (base 13) to base 14
-a
What is 11 (base 5) in base 14?
6
What is 0 (base 5) in base 7?
0
What is -1 (base 14) in base 9?
-1
22 (base 3) to base 7
11
What is 22 (base 7) in base 9?
17
Convert -26 (base 14) to base 5.
-114
What is -3 (base 7) in base 3?
-10
What is 20 (base 5) in base 10?
10
Convert 1021 (base 4) to base 2.
1001001
What is 4 (base 6) in base 10?
4
Convert 2 (base 16) to base 2.
10
Convert 11 (base 10) to base 16.
b
Convert -10 (base 4) to base 3.
-11
What is -11 (base 7) in base 12?
-8
Convert -100111 (base 2) to base 15.
-29
What is 0 (base 16) in base 2?
0
What is -10011010 (base 2) in base 5?
-1104
What is -30 (base 9) in base 6?
-43
Convert -1001010 (base 2) to base 12.
-62
-1001100 (base 2) to base 15
-51
Convert -11 (base 8) to base 12.
-9
Convert 111 (base 5) to base 6.
51
-20 (base 13) to base 9
-28
What is -10 (base 14) in base 6?
-22
What is -46 (base 10) in base 7?
-64
Convert b (base 16) to base 9.
12
What is 8 (base 11) in base 13?
8
1010 (base 5) to base 13
a0
What is -21 (base 9) in base 4?
-103
2 (base 12) to base 5
2
Convert 53 (base 10) to base 12.
45
Convert 10 (base 15) to base 11.
14
102 (base 4) to base 7
24
-10111 (base 2) to base 11
-21
What is -126 (base 7) in base 4?
-1011
What is -41 (base 6) in base 4?
-121
Convert 136 (base 7) to base 16.
4c
Convert 2121 (base 3) to base 5.
240
Convert -136 (base 7) to base 8.
-114
Convert -2 (base 10) to base 6.
-2
10 (base 11) to base 12
b
What is -1014 (base 5) in base 7?
-251
What is 20 (base 13) in base 4?
122
What is 2 (base 16) in base 12?
2
Convert 15 (base 8) to base 7.
16
-1030 (base 4) to base 11
-6a
What is 25 (base 16) in base 11?
34
What is -3 (base 7) in base 10?
-3
-55 (base 7) to base 12
-34
1 (base 2) to base 7
1
1010111 (base 2) to base 3
10020
-127 (base 11) to base 9
-176
What is 30 (base 10) in base 11?
28
2 (base 11) to base 9
2
Convert 4 (base 8) to base 3.
11
13 (base 6) to base 7
12
What is -38 (base 9) in base 8?
-43
Convert 0 (base 16) to base 10.
0
What is 110 (base 3) in base 2?
1100
151 (base 6) to base 5
232
47 (base 8) to base 11
36
What is -163 (base 11) in base 14?
-d8
Convert 26 (base 9) to base 13.
1b
What is ce (base 16) in base 3?
21122
-3 (base 13) to base 4
-3
Convert -5 (base 6) to base 8.
-5
Convert -2 (base 5) to base 10.
-2
-100 (base 2) to base 11
-4
d (base 16) to base 2
1101
0 (base 10) to base 4
0
Convert 1 (base 8) to base 13.
1
What is 1 (base 7) in base 11?
1
1010 (base 2) to base 11
a
What is 18 (base 12) in base 10?
20
-1 (base 15) to base 4
-1
45 (base 15) to base 5
230
What is 84